l + 595 = 0. What are the prime factors of s?
5, 61
Suppose -5*t + 12371 = -9774. List the prime factors of t.
43, 103
Let n(s) be the third derivative of 5*s**2 + 19/15*s**5 + 0*s - 1/8*s**4 + 0 - 1/6*s**3. What are the prime factors of n(-1)?
2, 3, 13
Let z(v) = 42*v**2 + 17*v - 16. Let f be z(11). Suppose f = 4*t + 813. What are the prime factors of t?
2, 3, 5, 37
Suppose -57 = 4*s - 73. Suppose -3*y + 3*p = -90, y - s*y + 118 = 4*p. Suppose 31*n + 222 = y*n. List the prime factors of n.
2, 37
Let b(p) = p**3 + 9*p**2 - 12*p - 15. Let d be b(-10). Suppose 3*z - d*z = -142. Let r = -46 + z. List the prime factors of r.
5
Suppose -3*s + 5*z - 19103 + 114718 = 0, 5*s = -16*z + 159334. What are the prime factors of s?
2, 5, 3187
Let m be (-4)/6 + (-70)/(-6) + 2. Suppose -m = 5*r - 18, 3047 = 4*q - 5*r. What are the prime factors of q?
7, 109
Let t(d) = -100 + 34*d + 45*d + 29*d - 131*d. What are the prime factors of t(-13)?
199
Suppose -2*x - 4*y = -69054, 3*x - 103596 = 5*y - 8*y. What are the prime factors of x?
34537
Let a = -13589 + 23578. Suppose 15*t - a = -839. List the prime factors of t.
2, 5, 61
Suppose -a + 272*n = 271*n - 14938, -n = 2*a - 29864. List the prime factors of a.
2, 3, 19, 131
Suppose -2*g = 5*t + 11 + 19, 5*t = g - 15. Let h be ((-3)/(-15) - (-292)/(-10))*t. Let f = h + 80. List the prime factors of f.
2, 7
Let k = -96934 + 170422. List the prime factors of k.
2, 3, 1531
Suppose r = 11*r + 18540. Let o = r + 2747. List the prime factors of o.
19, 47
Suppose -w = -4*y - 0 + 3, -3*y - w + 11 = 0. Let t = -237 - -247. Suppose 4*m + 181 = 4*s - 3*s, 0 = -y*m - t. What are the prime factors of s?
7, 23
Let z(f) = -f**3 - 9*f**2 + 8*f - 5. Let o be z(-10). Suppose 0 = -6*k + o*k - 2799. What are the prime factors of k?
311
Suppose -5*i - 37 + 32 = 0. Let c be i - ((-4)/3)/((-12)/(-18)). List the prime factors of 0 - 1/c - 8/(-2).
3
Let m be 63/28 + (-1)/4. Suppose r = m*w - w - 103, -3*r = 5*w - 507. Let t = w - 61. What are the prime factors of t?
41
Let r(o) = -10 - 3 - 278*o - 194*o. List the prime factors of r(-1).
3, 17
Let b(h) = -h + 16. Suppose -4*m = -2*q + 16, -5*q + 10*q + 2*m = 88. Let i be b(q). List the prime factors of (-2)/(-13) + (4828/52 - i).
3, 31
Suppose -38 = -2*p - 4*d, 0 = 4*p - 0*p + 5*d - 73. Let i be (-2 + p/4)/((-3)/(-96)). Suppose 0 = -4*n + i + 252. List the prime factors of n.
3
Suppose -5*q + 16 = i, 12 = -q - q - 5*i. Suppose 0*b = -2*b - 3*p + 120, -q*b = -3*p - 222. Let s = -7 + b. List the prime factors of s.
2, 5
Let s(y) = -y**3 - 4*y**2 - 3*y + 3. Let r be s(-3). Let x(w) = 111*w - 28*w + 5 - r*w. List the prime factors of x(2).
3, 5, 11
Suppose 4*o - b = -213, 5*o - 3*o = -2*b - 94. Let u = -26 - o. Suppose -r + 2*p + 26 = -0*r, 0 = -r + 3*p + u. List the prime factors of r.
2, 13
Let r(w) = -w**3 - 3*w**2 + w + 7. Suppose -2*k + t + 2 + 0 = 0, 4*t - 28 = -4*k. Let a be r(k). Let d = a - -136. What are the prime factors of d?
2, 23
Suppose -303*y - 50 = -308*y. Suppose -2*h - 2*c = -2662, 9*c = 4*h + y*c - 5309. What are the prime factors of h?
2, 3, 13, 17
Let b = 249 - 240. Suppose 0 = b*r - 6*r - 1917. List the prime factors of r.
3, 71
List the prime factors of (3 - -124)/((-13)/((-41886)/18)).
127, 179
Let h = 3191 + -938. Suppose -h - 963 = -16*i. What are the prime factors of i?
3, 67
Suppose 7*q - 2*q - 20 = 0, 5*w + 5*q + 200 = 0. List the prime factors of (-4)/(-12) - 74*w/6.
3, 181
Let v be -31 + (2 + -1)/((-13)/(-39)). Let b(k) = k**3 + 30*k**2 + 27*k + 58. What are the prime factors of b(v)?
2, 3, 5, 29
Let u be (-2 + 1326/9)/(10/(-15)). Let h = u + 392. What are the prime factors of h?
2, 3, 29
Let z be ((-8262)/(-135))/((-2)/(-10)). Let g = z - -95. What are the prime factors of g?
401
Suppose 3 = -v, 2*p + 24 = 6*p - 4*v. Suppose -3*w - p*z + 432 = 0, w + 0*w - 2*z - 150 = 0. Suppose i - 154 - w = 0. What are the prime factors of i?
2, 3, 5
Suppose -c = 3*c + 84. Let y = -7 - c. Let q(l) = l**2 - 8*l. What are the prime factors of q(y)?
2, 3, 7
Suppose 0 = 24*y - 42*y + 5454. Suppose -6*s + 6303 = y. What are the prime factors of s?
2, 5
Suppose 0 = 92*t + 166471 - 999623. What are the prime factors of t?
2, 283
What are the prime factors of (-1)/6 + (-23306881)/(-978)?
23831
Let s = -275 - -299. What are the prime factors of ((-160)/s)/(6/(-72))?
2, 5
Let n = -2573 - -8933. What are the prime factors of n?
2, 3, 5, 53
Let t be (6 - 527/(-2)) + 1/(-2). Let n = t + 5. Suppose 82*q - n = 80*q. List the prime factors of q.
137
Let o(s) = -3*s**3 + 6*s**2 - 8*s + 14. Let r be o(4). Let v = r + 53. Let d = 21 - v. What are the prime factors of d?
2, 41
Suppose 0 = -5*y + 24 + 36. Let q be -1*31 + (16 - y). List the prime factors of 4*q*(-2)/3.
2, 3
Let s(i) = 6*i**3 - 10*i**2 + 56*i + 32. What are the prime factors of s(11)?
2, 29
Let b = -71 + 59. Let a be b/(-9 - -3) - -6. Let v(o) = 4*o - 1. What are the prime factors of v(a)?
31
Suppose -4485 + 725 = -10*q. Suppose -6*d + 584 = -q. List the prime factors of d.
2, 5
Let m(l) = 72*l**2 + 10*l + 8. Let c be m(6). Suppose 225*h + c = 230*h. What are the prime factors of h?
2, 7, 19
Let j(a) = 10*a - 13. Let l(h) = -h. Let t(f) = -2*j(f) - 4*l(f). Let y be t(6). Let g = 21 - y. List the prime factors of g.
7, 13
Let y(w) = 2549*w + 807. What are the prime factors of y(15)?
2, 3, 241
Let r(q) be the first derivative of 3/4*q**4 - 1 + 2*q**2 - 4*q - 5/3*q**3. What are the prime factors of r(3)?
2, 11
Let g(r) = -710*r + 321. Let o be g(21). List the prime factors of (4/(-3))/2*o/6.
1621
Let t(z) = z**2 + 306*z + 1760. List the prime factors of t(119).
3, 5, 1163
Let w = 45 - 48. Let f be (w/(-1))/((-33)/(-55)). Suppose 233 = -f*h + 1593. List the prime factors of h.
2, 17
Let b(w) = w**3 + 61*w**2 + 13*w - 1187. What are the prime factors of b(-54)?
18523
Let f = 14355 + 2583. List the prime factors of f.
2, 3, 941
Let n(u) = 5 - 2*u - u + 5*u - u. Let z be 2*(0 + 0 + -1). List the prime factors of n(z).
3
Let j(o) = 4*o - 11. Let d be j(-9). Let h = d - -44. What are the prime factors of (1/h)/(2/(-588))?
2, 7
Let i be (4/(-8))/(4/1536). List the prime factors of (32/i)/(1 - (-6686)/(-6684)).
557
Let f(z) = 133*z**2 - 4*z - 86. List the prime factors of f(9).
10651
Let g(n) = -7934*n + 423. What are the prime factors of g(-1)?
61, 137
Suppose 4*b = 39*b + 37*b - 4586904. List the prime factors of b.
7, 19, 479
Let i = -2188 + -24. Let l = -1046 - i. List the prime factors of l.
2, 11, 53
Let o be (405/180)/(6/(-32)). Let f(y) = 10*y**2 - 44*y + 14. What are the prime factors of f(o)?
2, 991
Let n(y) = 397*y + 8. What are the prime factors of n(1)?
3, 5
Suppose 0 = 2*g - a - 25, -a + 30 = 4*g - 23. Suppose -23 - g = -9*f. Suppose 0*l + 4*y + 336 = f*l, -2*l + 143 = 3*y. What are the prime factors of l?
79
Let i(w) = 5*w**3 - 3*w**2 + 3*w - 2. Let o be i(2). Suppose 2*z - o + 102 = 0. Let g = 156 + z. What are the prime factors of g?
11
What are the prime factors of 8596 - -1 - (-1162)/166?
2, 3, 239
Let b(m) be the second derivative of m**5/15 - 13*m**4/12 - 31*m**3/6 + 2*m. Let i(p) be the second derivative of b(p). List the prime factors of i(5).
2, 7
Let y = 2445 + -1713. Suppose -3*p - y = -6*p. List the prime factors of p.
2, 61
List the prime factors of ((-2)/7)/((-113)/16028033).
2, 23, 881
List the prime factors of 934420/14 - 76/(-133)*7/(-14).
2, 3, 103
Let a(x) = -6*x + 136. Let v be a(15). Let d = v + 112. What are the prime factors of d?
2, 79
Suppose -w + 293 = -n, -5*n - 3*w - 445 = 1028. Let q = 703 + n. List the prime factors of q.
409
Let n(d) = d**3 - 52*d**2 + 86*d + 303. List the prime factors of n(54).
3, 3593
Let y(x) = 7*x - 19. Let w(c) = c**3 + 8*c**2 + 6*c + 4. Let m = 5 - 12. Let f be w(m). List the prime factors of y(f).
2, 29
Let b = -2574 - -1700. Let t = 1378 + b. List the prime factors of t.
2, 3, 7
Let d(f) = f**3 - 15*f**2 + 2*f - 6. Let c be d(15). Let z = -141 + 205. Suppose o - z = -c. List the prime factors of o.
2, 5
Let h = -275 - -212. Let a = 186 + h. List the prime factors of a.
3, 41
Suppose -3*t = 12, k + 3305 - 842 = -3*t. Let u = -1714 - k. List the prime factors of u.
11, 67
Let m(u) = 25*u - 217. Let t be m(-44). Let d = -240 - t. List the prime factors of d.
3, 359
Let q = 